{"id":44,"date":"2017-05-15T13:35:56","date_gmt":"2017-05-15T13:35:56","guid":{"rendered":"http:\/\/terra-wohnkonzepte.de\/?page_id=44"},"modified":"2017-10-28T13:27:14","modified_gmt":"2017-10-28T13:27:14","slug":"wir-suchen","status":"publish","type":"page","link":"https:\/\/terra-wohnkonzepte.de\/?page_id=44","title":{"rendered":"Wir suchen"},"content":{"rendered":"<h1 style=\"text-align: center;\">Wir suchen&#8230;<\/h1>\n<p style=\"text-align: left;\">&#8230; Mitarbeiter und Grundst\u00fccke.<\/p>\n<p>Wir suchen st\u00e4ndig Baugrundst\u00fccke oder Abrissgrundst\u00fccke f\u00fcr unsere Bauherren und Kapitalanleger.<\/p>\n<p>Unter anderem suchen wir speziell folgende Grundst\u00fccke und Objekte<\/p>\n<p>&nbsp;<\/p>\n<p><strong>Private Bauherren<\/strong><\/p>\n<ul>\n<li>Junge Familie sucht Grundst\u00fcck in Arheilgen oder Weiterstadt mit guter Anbindung an die A5 oder A67 \/\/ Grundst\u00fcckskosten: bis 150.000,- Euro (Stand Mai 2017)<\/li>\n<li>Familie sucht Grundst\u00fcck im M\u00fchltal f\u00fcr ein Mehrgenerationenhaus \/\/ Grundst\u00fcckskosten: bis 450.000,- Euro (Stand Mai 2017)<\/li>\n<li>Professor an der TU sucht Grundst\u00fcck in guter Wohnlage von Darmstadt f\u00fcr ein Einfamilienhaus \/\/ Grundst\u00fcckskosten: bis 200.000,- Euro (Stand April 2017)<\/li>\n<\/ul>\n<p>&nbsp;<\/p>\n<p><strong>Kapitalanleger<\/strong><\/p>\n<ul>\n<li>Grundst\u00fccke f\u00fcr chinesische Investoren \/\/ Grundst\u00fcckskosten bis 5.000.000,- Euro<\/li>\n<li>Grundst\u00fcck in guter Lage vom M\u00fchltal. Geeignet f\u00fcr ein 4 bis 6 Familienhaus<\/li>\n<li>Grundst\u00fcck in guter Lage von Darmstadt und Umgebung f\u00fcr ein Mehrfamilienhaus (mindestens 6 Einheiten) bis 1.000.000,- Euro<\/li>\n<li>Grundst\u00fcck in Messel f\u00fcr ein Mehrfamilienhaus in Messel mit mindesten 4 Wohneinheiten<\/li>\n<\/ul>\n<p>&nbsp;<\/p>\n<p><strong>Sanierungsobjekte<\/strong><\/p>\n<ul>\n<li>3 befreundete Familien suchen ein \u00e4lteres, sanierungsbed\u00fcrftiges Mehrfamilienhaus in guter Lage von Darmstadt (Stand M\u00e4rz 2017)<\/li>\n<\/ul>\n<p>\t\t\t\t<img decoding=\"async\" src=\"http:\/\/terra-wohnkonzepte.de\/wp-content\/uploads\/2017\/05\/wohnanlage.jpg\" alt=\"wohnanlage\" itemprop=\"image\"  \/><br \/>\n\t\t\t\t<img decoding=\"async\" src=\"http:\/\/terra-wohnkonzepte.de\/wp-content\/uploads\/2017\/05\/hausfinanzierung1.jpg\" alt=\"hausfinanzierung1\" itemprop=\"image\"  \/><br \/>\n\t\t\t\t<img decoding=\"async\" src=\"http:\/\/terra-wohnkonzepte.de\/wp-content\/uploads\/2017\/05\/terra_slide_scherenschnitt.jpg\" alt=\"terra_slide_scherenschnitt\" itemprop=\"image\"  \/><\/p>\n","protected":false},"excerpt":{"rendered":"<p>Wir suchen&#8230; &#8230; Mitarbeiter und Grundst\u00fccke. Wir suchen st\u00e4ndig Baugrundst\u00fccke oder Abrissgrundst\u00fccke f\u00fcr unsere Bauherren und Kapitalanleger. Unter anderem suchen wir speziell folgende Grundst\u00fccke und Objekte &nbsp; Private Bauherren Junge Familie sucht Grundst\u00fcck in Arheilgen oder Weiterstadt mit guter Anbindung an die A5 oder A67 \/\/ Grundst\u00fcckskosten: bis 150.000,- Euro (Stand Mai 2017) Familie sucht&#8230;<\/p>\n","protected":false},"author":2,"featured_media":0,"parent":0,"menu_order":0,"comment_status":"closed","ping_status":"closed","template":"full-width-page.php","meta":{"footnotes":""},"_links":{"self":[{"href":"https:\/\/terra-wohnkonzepte.de\/index.php?rest_route=\/wp\/v2\/pages\/44"}],"collection":[{"href":"https:\/\/terra-wohnkonzepte.de\/index.php?rest_route=\/wp\/v2\/pages"}],"about":[{"href":"https:\/\/terra-wohnkonzepte.de\/index.php?rest_route=\/wp\/v2\/types\/page"}],"author":[{"embeddable":true,"href":"https:\/\/terra-wohnkonzepte.de\/index.php?rest_route=\/wp\/v2\/users\/2"}],"replies":[{"embeddable":true,"href":"https:\/\/terra-wohnkonzepte.de\/index.php?rest_route=%2Fwp%2Fv2%2Fcomments&post=44"}],"version-history":[{"count":3,"href":"https:\/\/terra-wohnkonzepte.de\/index.php?rest_route=\/wp\/v2\/pages\/44\/revisions"}],"predecessor-version":[{"id":101,"href":"https:\/\/terra-wohnkonzepte.de\/index.php?rest_route=\/wp\/v2\/pages\/44\/revisions\/101"}],"wp:attachment":[{"href":"https:\/\/terra-wohnkonzepte.de\/index.php?rest_route=%2Fwp%2Fv2%2Fmedia&parent=44"}],"curies":[{"name":"wp","href":"https:\/\/api.w.org\/{rel}","templated":true}]}}